hat is the greatest common divisor of 27317 and 1888?
59
What is the greatest common divisor of 5356 and 1545?
103
What is the highest common factor of 22 and 12385362?
22
What is the highest common divisor of 116350 and 2300?
50
What is the highest common divisor of 30954 and 2856?
42
What is the highest common factor of 135423 and 369?
369
What is the highest common factor of 72 and 2259?
9
What is the highest common divisor of 9628 and 106572?
332
What is the greatest common factor of 4246 and 3102?
22
What is the highest common divisor of 649 and 5324?
11
Calculate the greatest common divisor of 43215 and 79980.
645
What is the greatest common factor of 37990 and 2096?
262
Calculate the highest common divisor of 19780 and 26772.
92
What is the greatest common divisor of 1192786 and 14?
14
What is the greatest common factor of 98 and 24094?
14
What is the greatest common factor of 297 and 31251?
33
What is the greatest common factor of 468247 and 543?
181
What is the highest common divisor of 4176 and 603?
9
Calculate the highest common factor of 1885056 and 96.
96
What is the greatest common factor of 16643 and 623?
89
Calculate the greatest common divisor of 960 and 21408.
96
Calculate the highest common factor of 64 and 541328.
16
What is the highest common divisor of 345 and 2024?
23
What is the highest common divisor of 30 and 79065?
15
Calculate the highest common factor of 742 and 48.
2
What is the greatest common factor of 2576 and 28952?
56
Calculate the highest common factor of 357440 and 80.
80
Calculate the greatest common divisor of 4248 and 6.
6
Calculate the highest common factor of 127 and 3.
1
What is the greatest common divisor of 19734 and 160862?
598
What is the greatest common factor of 112707 and 1029?
21
What is the greatest common divisor of 312938 and 46?
46
Calculate the highest common divisor of 41608 and 574.
14
What is the greatest common factor of 1293 and 1448591?
431
What is the greatest common factor of 80 and 16928?
16
Calculate the highest common divisor of 741 and 2067.
39
Calculate the highest common divisor of 2610922 and 122.
122
Calculate the greatest common factor of 73 and 292511.
73
What is the highest common factor of 148 and 308284?
148
What is the highest common factor of 264 and 40524?
132
What is the highest common divisor of 11660 and 3520?
220
Calculate the highest common divisor of 17003 and 221733.
347
What is the greatest common divisor of 80433 and 1324?
331
Calculate the greatest common divisor of 69992 and 156.
52
Calculate the greatest common divisor of 60660 and 48.
12
Calculate the greatest common divisor of 172214 and 140.
14
What is the highest common divisor of 177 and 25016?
59
Calculate the highest common divisor of 50625 and 718125.
1875
What is the highest common factor of 1575 and 82575?
225
What is the highest common divisor of 509205 and 2490?
1245
What is the highest common divisor of 91 and 10360?
7
What is the greatest common divisor of 656359 and 22?
11
Calculate the highest common factor of 14056110 and 15.
15
What is the highest common factor of 7447 and 35881?
677
Calculate the highest common divisor of 58014 and 198.
198
What is the greatest common factor of 737 and 1235212?
737
Calculate the highest common factor of 27616 and 224.
32
Calculate the highest common divisor of 62621 and 468.
13
What is the greatest common divisor of 248 and 180792?
248
Calculate the highest common divisor of 55839 and 147.
21
What is the highest common divisor of 93467 and 638?
319
What is the greatest common divisor of 3328 and 149552?
208
What is the highest common divisor of 236148 and 99?
33
What is the greatest common factor of 1430 and 180037?
143
Calculate the greatest common factor of 29929 and 346.
173
What is the greatest common divisor of 38697 and 3?
3
What is the highest common factor of 85432 and 1086?
362
Calculate the greatest common factor of 585 and 208455.
195
Calculate the highest common factor of 773248 and 21.
7
Calculate the greatest common factor of 795 and 106000.
265
What is the greatest common divisor of 388 and 9092?
4
What is the greatest common divisor of 13325 and 8815?
205
What is the greatest common factor of 162 and 147648?
6
What is the greatest common divisor of 51 and 97903?
17
Calculate the greatest common factor of 355 and 346480.
355
What is the greatest common factor of 23 and 68034?
23
Calculate the highest common divisor of 2718113 and 4552.
569
What is the highest common divisor of 33512 and 355?
71
What is the highest common factor of 4753 and 388?
97
What is the highest common factor of 267545 and 1095?
365
Calculate the greatest common divisor of 2598833 and 842.
421
What is the highest common factor of 552 and 98088?
24
Calculate the highest common divisor of 123 and 1432458.
123
Calculate the highest common divisor of 351 and 23679.
27
What is the greatest common divisor of 5103 and 4347?
189
What is the greatest common factor of 20750 and 500?
250
Calculate the highest common factor of 86820 and 27.
3
Calculate the highest common divisor of 71440 and 123140.
940
What is the highest common factor of 1302 and 29078?
434
Calculate the highest common factor of 53451 and 288.
9
What is the highest common divisor of 2867 and 31631?
47
Calculate the greatest common divisor of 2384 and 26522.
298
Calculate the greatest common factor of 801946 and 664.
166
Calculate the highest common factor of 1919175 and 150.
75
What is the highest common factor of 255498 and 1746?
582
What is the highest common divisor of 312 and 24488?
8
Calculate the highest common divisor of 490 and 72870.
70
What is the greatest common divisor of 479451 and 7803?
867
What is the highest common divisor of 154751 and 85?
17
What is the greatest common divisor of 4 and 71387?
1
What is the highest common divisor of 3278 and 6109?
149
Calculate the greatest common divisor of 30975 and 4602.
177
Calculate the highest common divisor of 84 and 25512.
12
What is the highest common factor of 798 and 42?
42
Calculate the greatest common divisor of 29103 and 218.
109
What is the highest common factor of 82199 and 442?
13
Calculate the highest common divisor of 12610 and 14065.
485
Calculate the highest common divisor of 184 and 842904.
184
What is the highest common divisor of 2197 and 7033?
13
Calculate the highest common factor of 330 and 332618.
22
Calculate the highest common divisor of 2906464 and 46.
46
Calculate the highest common divisor of 2711193 and 86.
43
What is the greatest common factor of 1168 and 59933?
73
What is the greatest common divisor of 4654 and 5278?
26
What is the highest common divisor of 40960 and 115?
5
Calculate the greatest common divisor of 28 and 7924.
28
What is the greatest common factor of 851 and 1073?
37
Calculate the greatest common factor of 33799 and 4630.
463
What is the greatest common divisor of 1716 and 598?
26
What is the greatest common divisor of 1314808 and 2899?
223
Calculate the greatest common factor of 248 and 959574.
62
Calculate the greatest common divisor of 109487 and 14.
7
What is the greatest common factor of 516203 and 25213?
1327
Calculate the highest common divisor of 21450 and 12400.
50
Calculate the highest common factor of 180673 and 1975.
79
Calculate the highest common divisor of 624 and 3926.
26
What is the highest common factor of 240346 and 34?
34
What is the highest common divisor of 30688 and 28?
28
Calculate the highest common factor of 380 and 14660.
20
Calculate the greatest common divisor of 420 and 145019.
7
Calculate the greatest common factor of 284 and 388.
4
What is the highest common factor of 108 and 35019?
27
What is the greatest common factor of 103885 and 79?
79
What is the highest common divisor of 9828 and 104?
52
What is the highest common factor of 28 and 1698998?
14
Calculate the highest common factor of 74692 and 568.
284
Calculate the greatest common divisor of 22 and 814.
22
Calculate the greatest common factor of 4212 and 1134.
162
What is the highest common divisor of 1811 and 16018295?
1811
What is the highest common divisor of 515 and 19595?
5
Calculate the greatest common factor of 40449 and 21684.
417
What is the greatest common divisor of 4 and 960188?
4
What is the greatest c